se
Is 14 a factor of 952?
True
Is 520 a multiple of 10?
True
Does 4 divide 8094?
False
Is 11 a factor of 483?
False
Is 11 a factor of 227?
False
Is 87 a factor of 15377?
False
Is 12 a factor of 5497?
False
Does 30 divide 3030?
True
Is 1320 a multiple of 11?
True
Is 58 a factor of 1706?
False
Is 13578 a multiple of 43?
False
Is 19849 a multiple of 22?
False
Is 12880 a multiple of 32?
False
Is 19 a factor of 1144?
False
Does 34 divide 216?
False
Is 22 a factor of 24024?
True
Is 258 a multiple of 43?
True
Is 29526 a multiple of 38?
True
Is 43 a factor of 317?
False
Does 34 divide 313?
False
Is 39 a factor of 18188?
False
Is 1336 a multiple of 15?
False
Is 41 a factor of 9594?
True
Is 11 a factor of 15037?
True
Is 1059 a multiple of 3?
True
Is 8 a factor of 2883?
False
Is 1256 a multiple of 24?
False
Does 21 divide 1741?
False
Is 342 a multiple of 9?
True
Is 10 a factor of 10930?
True
Does 17 divide 373?
False
Is 24 a factor of 68?
False
Is 561 a multiple of 20?
False
Does 22 divide 9856?
True
Does 225 divide 55575?
True
Is 14 a factor of 26922?
True
Does 44 divide 926?
False
Is 786 a multiple of 58?
False
Does 161 divide 26263?
False
Is 3040 a multiple of 20?
True
Does 60 divide 2160?
True
Does 110 divide 2310?
True
Is 130 a factor of 4664?
False
Is 2352 a multiple of 7?
True
Is 5 a factor of 526?
False
Is 161 a factor of 71963?
False
Is 7 a factor of 639?
False
Does 10 divide 1112?
False
Does 97 divide 12625?
False
Does 305 divide 46287?
False
Does 3 divide 284?
False
Does 64 divide 1664?
True
Is 525 a multiple of 25?
True
Is 150 a factor of 14798?
False
Is 38 a factor of 988?
True
Does 14 divide 764?
False
Does 23 divide 1109?
False
Does 13 divide 143?
True
Is 48678 a multiple of 38?
True
Does 14 divide 1162?
True
Is 703 a multiple of 13?
False
Is 67 a factor of 12998?
True
Is 6 a factor of 2844?
True
Is 30 a factor of 119?
False
Is 23563 a multiple of 11?
False
Is 3108 a multiple of 37?
True
Is 167 a factor of 33570?
False
Is 213 a multiple of 3?
True
Does 89 divide 9256?
True
Is 32506 a multiple of 43?
False
Is 29 a factor of 992?
False
Is 6 a factor of 102?
True
Is 4597 a multiple of 14?
False
Is 30576 a multiple of 39?
True
Is 21 a factor of 1554?
True
Is 39211 a multiple of 14?
False
Does 71 divide 9202?
False
Is 2 a factor of 292?
True
Is 1234 a multiple of 24?
False
Does 6 divide 642?
True
Is 22 a factor of 4309?
False
Is 111 a factor of 21978?
True
Is 26 a factor of 1592?
False
Is 2444 a multiple of 188?
True
Does 168 divide 47900?
False
Does 4 divide 6200?
True
Does 11 divide 660?
True
Does 4 divide 4300?
True
Is 1975 a multiple of 3?
False
Does 83 divide 18592?
True
Does 23 divide 1319?
False
Is 24 a factor of 5643?
False
Is 10227 a multiple of 7?
True
Is 17 a factor of 49398?
False
Does 8 divide 13928?
True
Is 12 a factor of 264?
True
Is 33 a factor of 2112?
True
Is 4483 a multiple of 15?
False
Does 18 divide 173?
False
Is 294 a multiple of 21?
True
Is 24241 a multiple of 3?
False
Is 159 a multiple of 3?
True
Is 119 a factor of 2975?
True
Is 42840 a multiple of 10?
True
Does 21 divide 68880?
True
Is 42 a factor of 484?
False
Does 108 divide 15012?
True
Does 40 divide 280?
True
Is 51090 a multiple of 45?
False
Is 21 a factor of 24225?
False
Is 3 a factor of 122?
False
Is 33228 a multiple of 117?
True
Is 91 a factor of 1020?
False
Is 462 a multiple of 6?
True
Does 3 divide 19?
False
Is 5404 a multiple of 7?
True
Is 7 a factor of 3677?
False
Is 14484 a multiple of 69?
False
Is 8 a factor of 510?
False
Does 14 divide 695?
False
Is 24 a factor of 10462?
False
Does 17 divide 884?
True
Is 10 a factor of 953?
False
Does 27 divide 1080?
True
Does 14 divide 6250?
False
Is 16 a factor of 1264?
True
Does 11 divide 242?
True
Does 11 divide 187?
True
Is 2321 a multiple of 11?
True
Is 28750 a multiple of 46?
True
Is 1176 a multiple of 98?
True
Is 4 a factor of 28?
True
Is 48 a factor of 372?
False
Is 1813 a multiple of 8?
False
Is 851 a multiple of 108?
False
Is 28 a factor of 4844?
True
Is 15 a factor of 1391?
False
Is 220 a multiple of 17?
False
Does 4 divide 105?
False
Is 2607 a multiple of 79?
True
Is 329 a multiple of 7?
True
Is 27 a factor of 1091?
False
Is 1468 a multiple of 14?
False
Is 100 a factor of 7050?
False
Is 95 a factor of 13015?
True
Is 353 a multiple of 3?
False
Is 4 a factor of 224?
True
Is 135 a factor of 12015?
True
Is 156 a factor of 34008?
True
Does 69 divide 9522?
True
Is 123 a factor of 10470?
False
Is 3 a factor of 828?
True
Is 183 a factor of 70832?
False
Is 17 a factor of 26668?
False
Does 15 divide 3585?
True
Is 19 a factor of 15900?
False
Is 48950 a multiple of 22?
True
Is 36 a multiple of 18?
True
Is 8 a factor of 4328?
True
Is 6 a factor of 35474?
False
Does 5 divide 340?
True
Is 42 a factor of 756?
True
Does 39 divide 19812?
True
Is 140 a factor of 2660?
True
Does 22 divide 4937?
False
Does 11 divide 5280?
True
Does 14 divide 23715?
False
Is 11 a factor of 1738?
True
Is 53631 a multiple of 177?
True
Does 18 divide 3812?
False
Is 187 a factor of 3740?
True
Is 14 a factor of 140?
True
Does 196 divide 12654?
False
Is 12 a factor of 396?
True
Is 23 a factor of 759?
True
Is 2990 a multiple of 65?
True
Is 234 a multiple of 23?
False
Does 16 divide 11952?
True
Does 385 divide 89306?
False
Is 2 a factor of 82?
True
Is 22419 a multiple of 197?
False
Is 18 a factor of 703?
False
Does 80 divide 1473?
False
Is 27 a factor of 2117?
False
Is 19 a factor of 28469?
False
Does 17 divide 88876?
True
Is 431 a multiple of 18?
False
Is 195 a multiple of 15?
True
Does 14 divide 3038?
True
Is 5478 a multiple of 2?
True
Is 1710 a multiple of 19?
True
Is 167 a multiple of 7?
False
Does 207 divide 92681?
False
Is 473 a multiple of 59?
False
Does 18 divide 57564?
True
Is 24339 a multiple of 21?
True
Is 4 a factor of 154?
False
Is 9 a factor of 225?
True
Does 21 divide 315?
True
Is 480 a multiple of 10?
True
Is 1898 a multiple of 26?
True
Is 50 a multiple of 10?
True
Is 57313 a multiple of 235?
False
Is 32930 a multiple of 185?
True
Does 10 divide 5470?
True
Is 88 a factor of 8008?
True
Does 71 divide 1273?
False
Is 7 a factor of 270?
False
Is 3744 a multiple of 6?
True
Is 20 a factor of 4979?
False
Does 27 divide 1140?
False
Is 440 a multiple of 40?
True
Is 5339 a multiple of 13?
False
Is 17 a factor of 30928?
False
Is 1428 a multiple of 51?
True
Is 98 a factor of 23422?
True
Is 42624 a multiple of 72?
True
Is 6 a factor of 164?
False
Is 13 a factor of 1405?
False
Is 1478 a multiple of 25?
False
Does 17 divide 2922?
False
Does 103 divide 18025?
True
Is 216 a multiple of 9?
True
Does 18 divide 150?
False
Does 13 divide 1313?
True
Does 54 divide 1998?
True
Is 6528 a multiple of 17?
True
Is 204 a multiple of 11?
False
Is 13602 a multiple of 11?
False
Is 7 a factor of 350?
True
Is 1091 a multiple of 16?
False
Does 5 divide 10949?
False
Does 14 divide 8330?
True
Is 26 a factor of 208?
True
Does 55 divide 2310?
True
Is 31 a factor of 38440?
True
Is 14 a factor of 32942?
True
Is 656 a multiple of 41?
True
Is 7 a factor of 1988?
True
Is 14 a factor of 605?
False
Is 12910 a multiple of 10?
True
Is 3262 a multiple of 14?
True
Is 12496 a multiple of 44?
True
Is 28 a factor of 26820?
False
Is 5021 even?
False
Does 13 divide 832?
True
Is 22167 a multiple of 17?
False
Does 9 divide 749?
False
Is 7 a factor of 716?
False
Is 443 a multiple of 15?
False
Does 95 divide 25710?
False
Is 5928 a multiple of 104?
True
Is 21 even?
False
Is 7 a factor of 4002?
False
Is 630 a multiple of 105?
True
Does 15 divide 2790?
True
Is 35 a factor of 11418?
False
Is 39 a multiple of 30?
False
Is 69610 a multiple of 7?
False
Is 1335 a multiple of 12?
False
Is 17871 a multiple of 161?
True
Is 190 a multiple of 15?
False
Does 24 divide 6360?
True
Is 31 a factor of 39157?
False
Is 9053 a multiple of 11?
True
Does 8 divide 1509?
False
Does 210 divide 36540?
True
Is 2279 a multiple of 14?
False
Is 40 a factor of 200?
True
Does 395 divide 89505?
False
Is 632 a multiple of 8?
True
Is 582 a multiple of 2?
True
Is 5 a factor of 360?
True
Is 258 a multiple of 4?
False
Does 11 divide 672?
False
Is 54 a factor of 943?
False
Is 59 a factor of 2018?
False
Does 9 divide 4392?
True
Does 8 divide 5440?
True
Is 1955 a multiple of 17?
True
Is 4644 a multiple of 18?
True
Does 12 divide 5700?
